{"id":6259,"date":"2021-12-14T17:06:26","date_gmt":"2021-12-14T17:06:26","guid":{"rendered":"https:\/\/www.eldane.com\/fr\/product\/valeria-black\/"},"modified":"2021-12-21T00:19:13","modified_gmt":"2021-12-20T23:19:13","slug":"valeria-black","status":"publish","type":"product","link":"https:\/\/www.eldane.com\/fr\/product\/valeria-black\/","title":{"rendered":"Valeria Noir"},"content":{"rendered":"<p>Confectionn\u00e9es en cuir su\u00e9d\u00e9 beige avec un d\u00e9collet\u00e9 sexy en forme de V, elles sont dot\u00e9es de talons aiguilles de 75 mm et de brides \u00e0 bride arri\u00e8re. Associez-le \u00e0 un jean ou \u00e0 une robe nuisette en soie.<\/p>\n","protected":false},"excerpt":{"rendered":"<p>Collection Escarpins Eldane &#8211; D\u00e9couvrez les escarpins Valeria en cuir su\u00e9d\u00e9 beige, disponibles en exclusivit\u00e9 sur eldane.com et dans les boutiques Paul Eldane.<\/p>\n","protected":false},"featured_media":6272,"template":"","meta":[],"product_cat":[22,26],"product_tag":[],"acf":[],"_links":{"self":[{"href":"https:\/\/www.eldane.com\/fr\/wp-json\/wp\/v2\/product\/6259"}],"collection":[{"href":"https:\/\/www.eldane.com\/fr\/wp-json\/wp\/v2\/product"}],"about":[{"href":"https:\/\/www.eldane.com\/fr\/wp-json\/wp\/v2\/types\/product"}],"wp:featuredmedia":[{"embeddable":true,"href":"https:\/\/www.eldane.com\/fr\/wp-json\/wp\/v2\/media\/6272"}],"wp:attachment":[{"href":"https:\/\/www.eldane.com\/fr\/wp-json\/wp\/v2\/media?parent=6259"}],"wp:term":[{"taxonomy":"product_cat","embeddable":true,"href":"https:\/\/www.eldane.com\/fr\/wp-json\/wp\/v2\/product_cat?post=6259"},{"taxonomy":"product_tag","embeddable":true,"href":"https:\/\/www.eldane.com\/fr\/wp-json\/wp\/v2\/product_tag?post=6259"}],"curies":[{"name":"wp","href":"https:\/\/api.w.org\/{rel}","templated":true}]}}

<p>Confectionnées en cuir suédé beige avec un décolleté sexy en forme de V, elles sont dotées de talons aiguilles de 75 mm et de brides à bride arrière. Associez-le à un jean ou à une robe nuisette en soie.</p>

<p>Collection Escarpins Eldane &#8211; Découvrez les escarpins Valeria en cuir suédé beige, disponibles en exclusivité sur eldane.com et dans les boutiques Paul Eldane.</p>
